)/(-3))/((-803)/(-66) + -12) is divided by 13.
10
What is the remainder when 3/(1286/160 - 8) is divided by 17?
12
Let c = 126 + -12. Suppose 0*x = -2*x + c. Suppose -3*w - 9 = -x. Calculate the remainder when 45 is divided by w.
13
Let n = 8 + -2. Suppose -13 = -9*q + 4*q + y, 4*q - 3*y - 17 = 0. What is the remainder when n is divided by q?
0
Let r(o) = -5*o - 15. Let l be r(-6). Let c = -12 + l. Let k = 6 + c. What is the remainder when 15 is divided by k?
6
Let x = -18 + 113. Let r = 41 + -14. Suppose 4*m - r = 69. What is the remainder when x is divided by m?
23
Let l be (28 - 31) + (0 + -1 - -5). Calculate the remainder when l*3/2*1*26 is divided by 21.
18
Let g(s) = 9*s + 1. Let a = -642 + 651. What is the remainder when g(4) is divided by a?
1
Let b = -7 - -6. Let q = 2 - b. What is the remainder when 134/12 + 3/(-18) is divided by q?
2
Let q = -143 - -210. Calculate the remainder when 803 is divided by q.
66
What is the remainder when 266 is divided by 2/(-8)*2 + (-179)/(-2)?
88
Suppose 5*d = -3*t - 92, 81 = -3*d - d + 5*t. Let y = 53 + d. Suppose 0 = -4*u + 19 + 29. Calculate the remainder when y is divided by u.
10
Suppose 9*o = 3*o - 366. Let x = -43 - o. What is the remainder when 51 is divided by x?
15
Let y(c) = -c + 6. Suppose 2*p - 5*w = 28 + 7, 3*p = 4*w + 35. Calculate the remainder when y(-6) is divided by p.
2
Suppose 0 = 5*x + 2*h - 274, 4*x + 2*h - 3*h = 227. Let j(v) = -v**2 - 24*v + 35. Calculate the remainder when x is divided by j(-25).
6
Suppose 5*p = 5*n + 249 + 186, 324 = 4*p + 4*n. What is the remainder when 251 is divided by p?
83
Suppose 0*s = 2*s. Suppose 0 = 5*w - 8*y + 5*y - 115, s = -3*w - 2*y + 50. Calculate the remainder when 78 is divided by w.
18
Let y = 5 - 15. Calculate the remainder when (8/5)/(y/(-175)) is divided by (-102)/(-85)*40/3.
12
Suppose -4*v - 4*b + 12 = 0, -2*v - 3*b + 13 = 2*v. Let l = v + 2. Suppose -l*f - 2*f = -56. What is the remainder when 22 is divided by f?
1
Let u be -2*(0 - (-1)/2). Calculate the remainder when 55 is divided by -3 + 4 + (-13)/u.
13
Calculate the remainder when -5 + (-30)/(-20)*2904/9 is divided by 41.
28
Let d(k) = -k**3 + 21*k**2 - 22*k - 1. Let n be d(20). Let r be -155*6/(-45)*3. Let l = n + r. Calculate the remainder when 61 is divided by l.
19
Suppose -168 + 428 = 13*x. Calculate the remainder when 37 is divided by x.
17
Let z(v) = 6*v**2 + 56*v + 48. Calculate the remainder when z(-12) is divided by 41.
35
Let k = 8 + -6. Suppose k*n - 2 = -3*i, 2*n - i = 4 + 14. Calculate the remainder when 11 is divided by n.
4
Let b = 32 - 34. Calculate the remainder when 111 is divided by ((-19)/(-3))/(b/(-12)).
35
Suppose 0*b - 3*b - 63 = 0. Suppose -c + 29 = -4*t, -4*t + 15 = 2*c + 5. Calculate the remainder when (-6)/b + 682/14 is divided by c.
10
Calculate the remainder when 10 is divided by 26/(-16) + 11 - (-6)/(-16).
1
What is the remainder when 17 is divided by 4 + 8*5/40?
2
Suppose 0 = -t + f + 178, 0*t - 2*f = 3*t - 529. Let w = t - 146. Calculate the remainder when w is divided by 12.
7
Let i(q) = 2*q**2 - 5*q - 2. Let v(z) = -7*z - 2. Let b be v(-1). Calculate the remainder when i(b) is divided by 8.
7
Calculate the remainder when (536/24)/(-3*3/(-27)) is divided by 23.
21
Let l(i) = i**2 + 12*i - 102. Calculate the remainder when l(-20) is divided by 13.
6
Calculate the remainder when 84 is divided by 202/10 + (-531)/(-295).
18
Suppose 3*k = -k + 72. Suppose 3*y = c - 10, -2 = c - 0*c + 3*y. Calculate the remainder when k is divided by c.
2
Suppose -2*r - 24 = -6*r. Let i(j) be the first derivative of 3*j**2/2 - 6*j - 12. Calculate the remainder when 34 is divided by i(r).
10
Suppose 5*i + 0 - 15 = 0. Suppose -5*f + 77 = 4*h - 53, f = -h + 26. What is the remainder when 450/4*2/i is divided by f?
23
Let j(a) = 3*a**2 - 1. Suppose 23 = -5*d + 5*k + 78, -d - 5*k - 19 = 0. What is the remainder when j(d) is divided by 10?
7
Let l = -1588 + 1612. Calculate the remainder when 1126 is divided by l.
22
Suppose -156 = -3*y - 5*r + 7*r, -y + 60 = 2*r. Suppose -4*h = c - 157 + y, -c = 2*h - 51. Calculate the remainder when 49 is divided by h.
23
Suppose -3*h + 7*h = 4*l - 148, h + 4*l = -47. What is the remainder when (-6)/h + (-2997)/(-39) is divided by 41?
36
Suppose 4*q - 144 = i, 5*q - i - 131 = 48. Suppose -27 + q = 4*k. Let s = 5 - 2. Calculate the remainder when s is divided by k.
1
Let v = -661 + 730. Calculate the remainder when v is divided by 40.
29
Let l(v) = -v - 23. Let p be l(-15). What is the remainder when 28 is divided by (-108)/p - 4 - 3/(-6)?
8
Calculate the remainder when 1138 is divided by (24/(-12))/(6/(-51)).
16
Let c = 105 - 81. What is the remainder when 157 is divided by c?
13
Let r(i) = -i**2 + 12*i - 31. Calculate the remainder when r(7) is divided by 1.
0
Suppose -3*n = -31 - 56. Suppose 83*j - 1056 = -62*j + 13*j. Calculate the remainder when n is divided by j.
5
Suppose -v + 6 = 5. What is the remainder when 30*v + (1 - -3) is divided by 22?
12
Suppose -11*m + 2*m + 162 = 0. What is the remainder when (-3)/2*(-44)/2 is divided by m?
15
Suppose c - 3 = 5*a, -8 + 75 = 5*c + a. Suppose 0 = 3*z - 8*f + 3*f - 83, -2*z + 4*f + 52 = 0. What is the remainder when z is divided by c?
10
Let s(r) = r**2 + 3*r - 7. Suppose -2*k = 4*x - 8, 2*k + x = 2*x - 2. Calculate the remainder when s(5) is divided by -2 - -4 - (-2 - k - 14).
15
Suppose 2*d - 6 = 8. Suppose -9 = -4*r + 11. Suppose -v - 6 = -i, -7*i + 3*i - r*v = 3. Calculate the remainder when d is divided by i.
1
Let c(k) be the first derivative of -2*k**2 - 12*k + 24. Calculate the remainder when 333 is divided by c(-15).
45
Let c = -101 - -106. Suppose -344 - 91 = -c*q. What is the remainder when q is divided by 15?
12
Calculate the remainder when 12/2*1200/45 is divided by 52.
4
Suppose 0 = -23*i + 337 + 422. Let w = 28 + 136. Calculate the remainder when w is divided by i.
32
Suppose -3*k - 2*q + 231 - 73 = 0, -3*k + 5*q = -193. What is the remainder when 211 is divided by k?
43
Calculate the remainder when 2805 is divided by (-70)/(-2) + 207/(-23).
23
What is the remainder when (-695*(-6)/15)/2 is divided by 37?
28
What is the remainder when 128 is divided by 2/7 - 0 - 328/(-28)?
8
Let c = -44 - -75. Suppose -163*v + 54 = 4*t - 158*v, -4*t - 4*v + 52 = 0. What is the remainder when c is divided by t?
9
Suppose -7*m = -11*m + 12. Suppose 0 = -m*c + 12, -u - c = 2*u - 130. What is the remainder when u is divided by 23?
19
Let c = 166 + -112. Calculate the remainder when 210 is divided by c.
48
Suppose -184 = -88*d + 65*d. Suppose 5*o + 5*w - 1 - 14 = 0, -2*w = 0. Suppose -o = -2*s + 3. Calculate the remainder when d is divided by s.
2
Let m(w) = -w**3 - 9*w**2 + 8*w + 3. Suppose -4*z + x = 38, 0*x = -3*z - 5*x - 40. Calculate the remainder when m(z) is divided by 12.
11
Suppose 90 = 7*q - 2*q. Suppose -q = -11*y + 10*y. What is the remainder when 51 is divided by y?
15
Suppose -6*q + 987 = -267. What is the remainder when q is divided by 71?
67
Suppose -4*l + 7*x = 4*x - 435, 0 = -x - 5. Let q = l - 81. Calculate the remainder when q is divided by 15.
9
Suppose -2*o + 3*s + 1557 = 0, -4*s = o + 93 - 888. Calculate the remainder when o is divided by 56.
55
Suppose -10 = 5*s + 4*u, -3 = -4*s - 0*s - u. Suppose -4 = -2*z - s, z = -y + 9. Calculate the remainder when (-3 - -1)/(4/(-26)) is divided by y.
5
Let f(m) = -6*m + 233. What is the remainder when 67 is divided by f(36)?
16
Let s be (-1)/(2 - (-110)/(-54)). Let y = -22 + s. Calculate the remainder when 19 - (-2 + 1 + y) is divided by 5.
0
Suppose f + 32 = p, -2*p + 25 = -f - 34. Let x = p + 6. What is the remainder when x is divided by 17?
16
Let i(l) = -l**2 + 4*l + 11. Calculate the remainder when 723 is divided by i(0).
8
Suppose -9 = 3*t, 2*t + 9 = -5*a + 3. Suppose a = 4*z - 9*z + 35. Calculate the remainder when 40 is divided by z.
5
Let w(a) be the third derivative of -a**4/24 - a**3/6 + 10*a**2. Let s = 1 + 1. What is the remainder when w(-3) is divided by s?
0
Let h(i) = 10*i - 142. Calculate the remainder when 107 is divided by h(18).
31
Suppose -5*m + 154 = 6*m. Calculate the remainder when 36 is divided by m.
8
Suppose 4*q + 14 = -b, -q - 2*q + 4*b = 1. Suppose 25 + 38 = 7*t. Calculate the remainder when 22 - -3*q/(-3) i